*3 + 2222*t**2 + 14*t + 11. Let a(w) = 66*w**3 + 1389*w**2 + 9*w + 7. Let g(c) = -8*a(c) + 5*k(c). Determine g(s).
37
Let r(v) be the second derivative of 3 - 2*v**2 - v + 1/12*v**4 - 4/3*v**3. Calculate r(7).
-11
Let k(c) = -2*c + 7. Suppose -2*b - 11130 = -8*b. Let m be 5/4 - b/140. Let t be (-21)/(-2)*(-8)/m. Determine k(t).
-7
Let v(d) = 2*d - 7. Let w be ((-5)/((-80)/(-36)))/((-15)/160). Suppose -3*o + 0 = -5*b - 4, w = 5*o - 4*b. Give v(o).
9
Suppose -26*p + 23*p - m + 30 = 0, -2*p + 18 = m. Let n(f) = 2*f**2 - 21*f - 28. Give n(p).
8
Let y = -10 - -7. Let b(d) = d**2 - 10*d + 1. Let a(q) = -3*q**2 + 25*q - 3. Let z(w) = -2*a(w) - 5*b(w). Calculate z(y).
10
Let h(t) = -4*t + 45. Let o be (-1 + 2)/(131 + -132)*-11. Give h(o).
1
Let p = -12 - -28. Suppose -5*y + 62 = -3*w, -y + 2*w + 18 = -0*y. Suppose y*x - 18*x = p. Let u(l) = -l**3 + l**2 + 2*l + 2. Determine u(x).
10
Suppose 68 - 145 = 16*t - 477. Let a(i) = i**3 - 25*i**2 - 2*i + 42. What is a(t)?
-8
Suppose -k = -5*w + 35, -7 + 27 = -4*k. Let u be 17/w + (-2)/(-12) + 0. Let v(y) = 6*y - 14*y - 1 + u*y + 6*y. Give v(-4).
-5
Let d(i) = -3 - 19291*i - i**3 - 21*i**2 + 38569*i - 19316*i. Calculate d(-19).
-3
Let j(h) = h**3 - 7*h**2 + 2*h. Suppose -5*r = 2*t - 27 + 9, -2*r + 20 = 4*t. Let g be 7/(14/r) + 5. What is j(g)?
-24
Let g(b) = 3*b**3 + 6*b**2 - 15*b - 27. Let r(k) = -13*k**3 - 23*k**2 + 66*k + 109. Let u(v) = -9*g(v) - 2*r(v). What is u(-8)?
1
Let t(i) be the first derivative of -i**4/4 - 13*i**3/3 + 17*i**2/2 + 37*i - 11297. Determine t(-14).
-5
Let w(p) = -6 + 36 - 34 + 3*p - 5. Determine w(12).
27
Let b(x) be the second derivative of -x**3/6 + x**2 + x. Suppose 5*v = -2*c, v + 6 = 9 + 1. Determine b(c).
12
Let k = 3205 - 3209. Let u(t) = -t - 35. Give u(k).
-31
Let i = -290 - -920. Let x(a) = -i*a + 312*a - 5 + 317*a. Let t be (-1 - 0)/((-1)/(-7)). Calculate x(t).
2
Let y be (7/(63/6))/((-4)/(-18)). Let k(o) = -7 - 8 - 7 + 20 + y*o. Calculate k(-1).
-5
Let v(x) = x**2 - 7*x + 6. Suppose 9*j - 1695 = -4935. Let y = j + 366. What is v(y)?
0
Let b = 78321/20 - 3916. Let s(o) be the second derivative of 1/12*o**4 - b*o**5 - 20*o + 0 + 0*o**2 - 1/6*o**3. Give s(0).
0
Let i = -4422 - -4407. Let k(q) = -2*q - 22. Give k(i).
8
Let u(p) = p**2 + 33*p - 132. Let l be u(-36). Let h(q) = q**2 + 23*q - 9. What is h(l)?
15
Let y = -222 + 230. Suppose y*q = -13*q + 147. Let n(s) be the second derivative of -s**4/12 + 7*s**3/6 + s. What is n(q)?
0
Let m(l) = l - 18. Let j be m(21). Let s(z) = 2*z + 52*z**2 - j*z - 49*z**2 - 1. Give s(3).
23
Suppose -5*s - 18*f = -20*f - 21, 0 = -s + 2*f + 1. Let w(h) = 2*h**3 - 9*h**2 - 3*h - 1. Let d be w(s). Let q(m) = m**2 - 11*m + 17. What is q(d)?
-1
Let n(j) be the first derivative of -5*j**4/4 - j**2/2 - j - 11976. Suppose 6 = -2*l + 4. What is n(l)?
5
Let z(w) = 7*w**2 - 5*w - 1. Let d(p) be the second derivative of -p**4 + 3*p**3/2 + 3*p**2/2 + 2*p + 106. Let r(t) = -4*d(t) - 7*z(t). Calculate r(0).
-5
Let k(s) be the third derivative of -3*s**4/8 - 55*s**3 + 8692*s**2. Calculate k(-36).
-6
Let r(v) = 5*v**2 + 22. Let b(l) be the third derivative of l**5/60 - l**2. Let z(c) = 6*b(c) - r(c). Let s be 1930/7720 - (-2)/(-10)*(-5)/(-4). Calculate z(s).
-22
Suppose 5*u - 21 = -2*z - z, 0 = -4*z - u + 11. Suppose -p - w = -4, -2*w = -4*p + 29 + 5. Let b(y) = 1 - 5*y**z + 41*y**3 - 8 + p*y - 42*y**3. What is b(-6)?
-13
Suppose y + 6 = -2*g, -2*y - 6 = -0*g - 2*g. Let d be (y/(-8))/((-13)/(-130)). Let i(r) = -r**2 - r + 6. What is i(d)?
-24
Let r = 12126 - 24251/2. Let t(y) be the first derivative of -27 + r*y**2 - 5*y. Calculate t(-6).
-11
Let p(l) = -64*l - 6. Let q(v) = 26*v + 2. Let z(t) = -2*p(t) - 5*q(t). Suppose -3*n + g = -5, 0 = -n + g - 6*g + 23. Determine z(n).
-4
Suppose -5*w - 3*i = i - 32, 5*w = 2*i + 44. Let h(q) = -q + 9. Let k be h(w). Let c(y) = -y + k - 1 + 0 + 13. What is c(8)?
5
Suppose -1264 = -8*p + 3912. Suppose -p + 662 = 5*g. Let i(d) = -7*d - 4. What is i(g)?
-25
Suppose 0 - 27 = -9*w. Let i be (-14)/w*54/(-36). Let m(f) = -f + 9. Determine m(i).
2
Let d(i) = -i**3 + 14*i**2 - 21*i - 26. Suppose y - 3*p = 21, 4*y - 4*p + 684 - 744 = 0. Calculate d(y).
10
Suppose -96*n - 74 = -22*n. Let u(d) = 22*d + 15. Give u(n).
-7
Let u(l) = l + 2. Let q(d) = -9*d - 16. Let o be (-1)/2 + (-22)/4*1. Let h(p) = o*u(p) - q(p). Suppose 4*j - 12 = -0*j. Determine h(j).
13
Let o(r) be the first derivative of -20*r**3/3 + r**2/2 - r - 2. Let s be 3*3 + 207/((-6417)/248). Determine o(s).
-20
Let j = 3 + -86. Let v = j + 93. Suppose -t + v - 4 = 0. Let h(z) = -z**3 + 7*z**2 - 6*z - 5. What is h(t)?
-5
Let u(o) = o - 20. Suppose 50*i + 10*i + 20*i = 1040. Calculate u(i).
-7
Let z(x) = x**2 - 6*x + 7. Suppose 4*g = -3*r - 20, -r + 0*r - 2*g = 10. Suppose r = -2*i + i. Let a be (24/20 - i)*5. Give z(a).
7
Let t(h) be the third derivative of h**4/8 + h**3/6 + h**2. Let n be (-10*57/(-475))/((-144)/(-40) + -4). Calculate t(n).
-8
Suppose 18*v - 504 = 9*v. Let g(p) = 2*p + 3*p + v*p**2 - 30*p**2 - 3*p - 22*p**2. Let i be (-3)/(-2)*8/(-6). Calculate g(i).
12
Let d(m) = m**3 - 5*m**2 - 3*m - 1. Let y = 1745 - 1740. Determine d(y).
-16
Let q(u) = 25*u**3 - 28*u**2 - 69*u - 26. Let m(x) = -9*x**3 + 9*x**2 + 24*x + 8. Let t(z) = 11*m(z) + 4*q(z). Determine t(14).
12
Let s(o) = -o + 2. Let z = -190 - -193. Let b be ((-1)/z)/(6/(-72)). Give s(b).
-2
Suppose -12 + 4 = -4*a, 3*l - 21 = -3*a. Let x(p) = -6*p**2 + 120 - l*p - 125 - 3*p**3 + 2*p**2 + 4*p**3. What is x(5)?
-5
Suppose -q - 2*s = 0, 228*q - 226*q - 2*s = 18. Let g(b) = -4*b**2 + 6*b - 4. What is g(q)?
-112
Suppose 37*i - 51*i - 70 = 0. Let o(q) = 17*q + 20. Let t(b) = 26*b + 31. Let j(v) = i*t(v) + 8*o(v). Give j(4).
29
Let r(n) = 0 + 5 - 25 - 3*n + 19. Let y(v) = v**3 - 6*v**2 - 7*v - 2. Let k be y(7). Let l = -5 - k. Give r(l).
8
Suppose -x = -c + 2, 0 = -40*x + 39*x - 1. Let f(g) be the first derivative of -g - 13/2*g**2 - 9. Give f(c).
-14
Let v = 3282 + -3277. Let s(n) be the third derivative of 1/12*n**v + 1/2*n**3 + 0*n + 1/4*n**4 + 0 - 1/120*n**6 + 45*n**2. What is s(6)?
3
Let v(p) = p**3 + 20*p**2 + 20*p + 14. Let m = 10273 - 10292. Give v(m).
-5
Let x(f) be the third derivative of 5*f**4/24 + f**3/2 - 9*f**2 + 3*f + 1. Let l be (2/(-2) - 0) + -5. What is x(l)?
-27
Let h(l) = -45*l + 46*l + 13*l**2 - 14*l**2. Let g(w) = -2*w**2 - 14*w - 6. Let a be ((-10)/(-25))/((-2)/30). Let z be g(a). Determine h(z).
-30
Let o(h) be the second derivative of -3*h**4 - h**3/3 + h**2/2 - 2*h. Suppose -17 = 41*j - 58. Determine o(j).
-37
Suppose 0 = 5*m - 124*z + 119*z - 60, -12*z = m + 105. Let i(g) = 4*g - 3 - 4 + 4. Determine i(m).
9
Let u(n) = -4735*n + 80. Let g(q) = 355*q - 6. Let d(i) = -40*g(i) - 3*u(i). Suppose 5*a = -7 + 2, -5*a - 20 = -3*x. Suppose x*c + 2 = -8. Give d(c).
-10
Let d(x) = -280 + 2*x**3 + 17*x - x**3 + 144 + 124 - 13*x**2. Calculate d(11).
-67
Let u(o) = o**2 + 3*o - 8. Let m(d) = -2*d**2 - 2*d + 4. Let v(p) = 2*m(p) + u(p). Let x = -8 + 6. Let y be (2*-1 + 0)/x. Calculate v(y).
-4
Suppose 9 = 5*k - 2*k. Suppose 2*p + 0*m = 5*m + 8, k*m = 3*p - 12. Let c(z) = -p*z**2 - z**3 - 4 - z + 1 - 4*z**2 - 3. Determine c(-8).
2
Let k(b) = -3*b**3 + b**2. Let n(c) = -c**2 + 26*c - 1. Let x(v) = 2*v**2 - 19*v + 24. Let o be x(8). Suppose o*s - 26 = -s. Let a be n(s). Determine k(a).
4
Let v(i) = -i**2 + 254*i - 31 + 0*i**2 - 93*i - 83*i - 88*i. Calculate v(-3).
-10
Let m = 1366 + -1360. Let q(j) be the third derivative of 0*j - 1/120*j**m - j**2 + 7/60*j**5 - 7/24*j**4 + 0 + 1/6*j**3. Give q(6).
-5
Suppose -34*c - 261 = -43*c. Let t(n) = -19*n + 21*n + 0 - c*n**2 + 4*n**2 - 1. What is t(1)?
-24
Let q(f) = 5*f + 15. Let l be q(0). Suppose -20*o = -l*o - 20. Let y be -2 + (8 - 4) - o. Let s(c) = -c**3 - 4*c**2 - 4*c - 2. Calculate s(y).
-2
Let h(k) = k**2 - 3*k - 24. Let v be h(-4). Let f be (-93)/(-18) - v/24*1. Let c(p) = p**3 - 4*p**2 - 4*p + 3. Calculate c(f).
8
Let h = -34 - -28. Let q = -179 - -173. Let v(o) = -o - 13. Let l(d) = -2*d - 26. Let p(m) = q*l(m) + 11*v(m). Give p(h).
7
Let q(h) be the first derivative of -3*h**2/2 - 3*h + 35178. Let n be (6/4)/((-1)/2). What is q(n)?
6
Let h(k) = -8*k + 26. Let w be h(3). Let p(f) = -11*f**2 - f**3 - 118 + 19*f**w + f + 112 - 15*f**2. Give p(-7).
